git of 113983348?
4
What is the millions digit of 403744007?
3
What is the units digit of 604742225?
5
What is the hundred thousands digit of 4293732?
2
What is the tens digit of 3056973082?
8
What is the ten millions digit of 836688161?
3
What is the hundred millions digit of 142216150?
1
What is the thousands digit of 1766502606?
2
What is the millions digit of 36486934?
6
What is the millions digit of 6978243310?
8
What is the hundreds digit of 1882638?
6
What is the ten thousands digit of 759290855?
9
What is the hundreds digit of 49962390?
3
What is the thousands digit of 3900133654?
3
What is the ten millions digit of 265645207?
6
What is the hundred thousands digit of 972998935?
9
What is the hundred thousands digit of 56429451?
4
What is the thousands digit of 87168202?
8
What is the tens digit of 1592991955?
5
What is the ten millions digit of 70948034?
7
What is the tens digit of 496169504?
0
What is the hundreds digit of 443467383?
3
What is the millions digit of 503421658?
3
What is the ten millions digit of 64897350?
6
What is the ten millions digit of 253577819?
5
What is the hundreds digit of 101066779?
7
What is the tens digit of 124956377?
7
What is the ten thousands digit of 237044120?
4
What is the tens digit of 1210930745?
4
What is the millions digit of 3861006319?
1
What is the hundred thousands digit of 290383328?
3
What is the millions digit of 115898750?
5
What is the units digit of 290034905?
5
What is the units digit of 4012681514?
4
What is the ten millions digit of 273088059?
7
What is the ten thousands digit of 10904552?
0
What is the ten millions digit of 112959709?
1
What is the millions digit of 102814386?
2
What is the hundreds digit of 134733886?
8
What is the ten millions digit of 99399797?
9
What is the thousands digit of 136999929?
9
What is the units digit of 88262977?
7
What is the ten thousands digit of 19232206?
3
What is the millions digit of 27754613?
7
What is the units digit of 649867643?
3
What is the ten thousands digit of 1111157473?
5
What is the tens digit of 32237990?
9
What is the ten millions digit of 616262730?
1
What is the ten thousands digit of 4030555285?
5
What is the hundred thousands digit of 71507900?
5
What is the millions digit of 618538353?
8
What is the hundred thousands digit of 670438291?
4
What is the tens digit of 87823771?
7
What is the millions digit of 91165400?
1
What is the ten millions digit of 25558660?
2
What is the hundreds digit of 427490010?
0
What is the hundred thousands digit of 122834081?
8
What is the thousands digit of 378899811?
9
What is the hundred millions digit of 279824687?
2
What is the ten thousands digit of 1118358412?
5
What is the hundred millions digit of 2117907003?
1
What is the billions digit of 1004550225?
1
What is the hundreds digit of 99879590?
5
What is the hundred thousands digit of 226063736?
0
What is the thousands digit of 370571387?
1
What is the tens digit of 1014279375?
7
What is the tens digit of 6245141985?
8
What is the hundred millions digit of 1071079402?
0
What is the billions digit of 9596210800?
9
What is the thousands digit of 341761154?
1
What is the units digit of 141513687?
7
What is the hundreds digit of 35255685?
6
What is the hundred millions digit of 198381257?
1
What is the ten thousands digit of 8990587?
9
What is the hundred thousands digit of 6135607?
1
What is the billions digit of 1756185290?
1
What is the units digit of 151210532?
2
What is the thousands digit of 3268751366?
1
What is the units digit of 24286626?
6
What is the ten thousands digit of 27286181?
8
What is the hundred millions digit of 2993588243?
9
What is the units digit of 1636273627?
7
What is the ten thousands digit of 42649463?
4
What is the hundred millions digit of 261178809?
2
What is the thousands digit of 485785493?
5
What is the units digit of 52592434?
4
What is the millions digit of 4435226144?
5
What is the tens digit of 2009159034?
3
What is the ten millions digit of 661092413?
6
What is the tens digit of 1366482592?
9
What is the tens digit of 232446881?
8
What is the hundred millions digit of 1841472166?
8
What is the millions digit of 71865776?
1
What is the units digit of 72040412?
2
What is the hundred thousands digit of 2576174589?
1
What is the hundred thousands digit of 27477827?
4
What is the ten thousands digit of 127780273?
8
What is the hundred thousands digit of 278484924?
4
What is the ten millions digit of 26204411?
2
What is the ten millions digit of 2452176262?
5
What is the thousands digit of 533086166?
6
What is the hundred thousands digit of 1936465963?
4
What is the ten thousands digit of 23540171?
4
What is the ten millions digit of 1198636141?
9
What is the thousands digit of 326462834?
2
What is the hundreds digit of 1063666872?
8
What is the hundred thousands digit of 9073360?
0
What is the ten thousands digit of 41980222?
8
What is the millions digit of 1164146435?
4
What is the tens digit of 51485243?
4
What is the hundred thousands digit of 253800137?
8
What is the ten thousands digit of 95403212?
0
What is the tens digit of 42228383?
8
What is the ten thousands digit of 19122512?
2
What is the hundred thousands digit of 520816839?
8
What is the thousands digit of 1781528651?
8
What is the millions digit of 2729606116?
9
What is the thousands digit of 122751129?
1
What is the ten millions digit of 445398796?
4
What is the hundred millions digit of 2576018657?
5
What is the units digit of 222551255?
5
What is the units digit of 2779166383?
3
What is the hundred millions digit of 2114323851?
1
What is the units digit of 6297101248?
8
What is the millions digit of 53805820?
3
What is the ten millions digit of 585789829?
8
What is the hundred millions digit of 439545396?
4
What is the tens digit of 360278481?
8
What is the hundreds digit of 143893787?
7
What is the hundreds digit of 3035357114?
1
What is the hundred thousands digit of 62823468?
8
What is the units digit of 114513113?
3
What is the thousands digit of 1262720778?
0
What is the millions digit of 3147028777?
7
What is the hundreds digit of 500176800?
8
What is the units digit of 741195263?
3
What is the units digit of 5710321334?
4
What is the millions digit of 5953791020?
3
What is the hundred millions digit of 560563688?
5
What is the thousands digit of 166653855?
3
What is the millions digit of 1469689996?
9
What is the millions digit of 600406944?
0
What is the ten thousands digit of 55668089?
6
What is the hundred thousands digit of 54028684?
0
What is the millions digit of 1571061577?
1
What is the thousands digit of 21539669?
9
What is the hundred thousands digit of 34710514?
7
What is the ten millions digit of 53260034?
5
What is the units digit of 140195104?
4
What is the thousands digit of 45779686?
9
What is the thousands digit of 180166091?
6
What is the millions digit of 40469450?
0
What is the hundreds digit of 946610875?
8
What is the hundred millions digit of 841719745?
8
What is the units digit of 266753436?
6
What is the millions digit of 494560475?
4
What is the thousands digit of 1707651017?
1
What is the millions digit of 42510243?
2
What is the hundreds digit of 6396790508?
5
What is the units digit of 537966383?
3
What is the units digit of 97992756?
6
What is the ten thousands digit of 64018408?
1
What is the hundred millions digit of 4780669893?
7
What is the thousands digit of 271063442?
3
What is the millions digit of 2710813?
2
What is the tens digit of 992221884?
8
What is the tens digit of 5946283078?
7
What is the hundred millions digit of 1799827138?
7
What is the thousands digit of 52362081?
2
What is the ten thousands digit of 478826901?
2
What is the units digit of 99789023?
3
What is the millions digit of 251677564?
1
What is the hundred millions digit of 2500142648?
5
What is the thousands digit of 136854523?
4
What is the millions digit of 2677115280?
7
What is the hundreds digit of 1485346297?
2
What is the hundred millions digit of 7295076544?
2
What is the thousands digit of 1525837839?
7
What is the units digit of 143439?
9
What is the thousands digit of 4036358874?
8
What is the hundred millions digit of 2123564434?
1
What is the millions digit of 98477996?
8
What is the units digit of 124230305?